prime factors of 847543?
847543
List the prime factors of 422929.
13, 32533
What are the prime factors of 731750?
2, 5, 2927
List the prime factors of 7465827.
3, 2488609
List the prime factors of 430132.
2, 191, 563
List the prime factors of 6292323.
3, 131, 593
What are the prime factors of 2661125?
5, 61, 349
List the prime factors of 2689409.
71, 37879
What are the prime factors of 9869225?
5, 59, 6691
What are the prime factors of 908209?
953
List the prime factors of 1748426.
2, 874213
List the prime factors of 87637.
11, 31, 257
What are the prime factors of 15150770?
2, 5, 479, 3163
List the prime factors of 4173883.
7, 29, 709
What are the prime factors of 14410506?
2, 3, 11, 29, 7529
List the prime factors of 9332826.
2, 3, 1555471
List the prime factors of 10413159.
3, 19, 182687
What are the prime factors of 3787203?
3, 7, 23, 7841
List the prime factors of 14796690.
2, 3, 5, 173, 2851
List the prime factors of 566918.
2, 11, 73, 353
What are the prime factors of 119368?
2, 43, 347
List the prime factors of 215560.
2, 5, 17, 317
List the prime factors of 6251096.
2, 781387
What are the prime factors of 56043?
3, 13, 479
List the prime factors of 560103.
3, 186701
List the prime factors of 254339.
107, 2377
List the prime factors of 18085676.
2, 7, 29, 22273
List the prime factors of 843238.
2, 11, 38329
List the prime factors of 105660.
2, 3, 5, 587
List the prime factors of 240745.
5, 89, 541
What are the prime factors of 8256203?
17, 19, 25561
List the prime factors of 7248811.
29, 43, 5813
List the prime factors of 935467.
13, 227, 317
What are the prime factors of 1297456?
2, 83, 977
What are the prime factors of 743187?
3, 247729
List the prime factors of 133027.
137, 971
List the prime factors of 926658.
2, 3, 51481
List the prime factors of 309449.
7, 44207
List the prime factors of 25892351.
67, 71, 5443
What are the prime factors of 1641395?
5, 7, 23, 2039
What are the prime factors of 1661338?
2, 7, 53, 2239
What are the prime factors of 1147997?
1147997
List the prime factors of 1753179.
3, 584393
List the prime factors of 9045630.
2, 3, 5, 11, 9137
List the prime factors of 77261.
77261
What are the prime factors of 769157?
191, 4027
List the prime factors of 2810652.
2, 3, 13, 43, 419
What are the prime factors of 737749?
17, 43397
What are the prime factors of 2260725?
3, 5, 43, 701
What are the prime factors of 1386151?
13, 106627
List the prime factors of 2476000.
2, 5, 619
List the prime factors of 4832672.
2, 13, 11617
What are the prime factors of 199403?
199403
List the prime factors of 270973.
270973
List the prime factors of 9085276.
2, 17, 23, 37, 157
What are the prime factors of 10122801?
3, 13, 19, 719
What are the prime factors of 151631?
151631
What are the prime factors of 174032?
2, 73, 149
List the prime factors of 574595.
5, 7, 16417
What are the prime factors of 3498023?
3498023
What are the prime factors of 451321?
13, 149, 233
What are the prime factors of 421625?
5, 3373
What are the prime factors of 15487427?
3571, 4337
What are the prime factors of 231851?
47, 4933
What are the prime factors of 534385?
5, 106877
What are the prime factors of 1748427?
3, 582809
List the prime factors of 2516714.
2, 17, 74021
List the prime factors of 13068412.
2, 7, 466729
What are the prime factors of 35122459?
17, 121531
List the prime factors of 216185.
5, 43237
What are the prime factors of 95745?
3, 5, 13, 491
List the prime factors of 84989.
37, 2297
What are the prime factors of 577454?
2, 179, 1613
List the prime factors of 13099637.
1091, 12007
What are the prime factors of 169133?
17, 9949
List the prime factors of 3239591.
3239591
What are the prime factors of 3304538?
2, 31, 53299
List the prime factors of 1609434.
2, 3, 89413
List the prime factors of 17425106.
2, 509, 17117
What are the prime factors of 9333241?
9333241
List the prime factors of 526424.
2, 23, 2861
What are the prime factors of 530101?
11, 13, 337
List the prime factors of 7758934.
2, 179, 21673
List the prime factors of 352102.
2, 176051
List the prime factors of 176837.
181, 977
What are the prime factors of 2008688?
2, 11, 101, 113
List the prime factors of 307789.
347, 887
List the prime factors of 164337.
3, 54779
List the prime factors of 133304.
2, 19, 877
What are the prime factors of 136968?
2, 3, 13, 439
List the prime factors of 1155262.
2, 359, 1609
What are the prime factors of 26414?
2, 47, 281
List the prime factors of 687525.
3, 5, 89, 103
List the prime factors of 5304103.
7, 108247
List the prime factors of 700504.
2, 7, 1787
What are the prime factors of 221878?
2, 110939
What are the prime factors of 6042181?
6042181
What are the prime factors of 5563830?
2, 3, 5, 191, 971
What are the prime factors of 33556824?
2, 3, 7, 139, 479
List the prime factors of 892973.
892973
What are the prime factors of 2793441?
3, 7, 31, 613
What are the prime factors of 1837914?
2, 3, 13, 23563
What are the prime factors of 918910?
2, 5, 43, 2137
List the prime factors of 7532200.
2, 5, 13, 2897
What are the prime factors of 9983825?
5, 399353
List the prime factors of 1077142.
2, 11, 4451
List the prime factors of 772231.
772231
What are the prime factors of 204?
2, 3, 17
List the prime factors of 365816.
2, 11, 4157
List the prime factors of 3105646.
2, 311, 4993
List the prime factors of 738894.
2, 3, 13, 9473
What are the prime factors of 618270?
2, 3, 5, 37, 557
List the prime factors of 532110.
2, 3, 5, 17737
List the prime factors of 3461590.
2, 5, 11, 31469
What are the prime factors of 462023?
19, 24317
What are the prime factors of 12025219?
1019, 11801
List the prime factors of 1194619.
37, 83, 389
What are the prime factors of 811480?
2, 5, 20287
What are the prime factors of 6764150?
2, 5, 135283
What are the prime factors of 9448622?
2, 683, 6917
List the prime factors of 216224.
2, 29, 233
What are the prime factors of 2056401?
3, 76163
What are the prime factors of 20685790?
2, 5, 2068579
List the prime factors of 654545.
5, 109, 1201
List the prime factors of 2601573.
3, 13, 41, 1627
What are the prime factors of 286929?
3, 10627
What are the prime factors of 483698?
2, 73, 3313
List the prime factors of 259696.
2, 16231
List the prime factors of 1509545.
5, 31, 9739
What are the prime factors of 204852?
2, 3, 43, 397
What are the prime factors of 684441?
3, 113, 673
What are the prime factors of 67534?
2, 33767
What are the prime factors of 9860813?
23, 428731
What are the prime factors of 312226?
2, 107, 1459
What are the prime factors of 68992?
2, 7, 11
List the prime factors of 784590.
2, 3, 5, 26153
What are the prime factors of 100599?
3, 33533
List the prime factors of 462188.
2, 115547
List the prime factors of 250492.
2, 11, 5693
What are the prime factors of 617220?
2, 3, 5, 127
List the prime factors of 3952471.
331, 11941
List the prime factors of 7407262.
2, 3703631
List the prime factors of 422395.
5, 23, 3673
List the prime factors of 68542.
2, 43, 797
What are the prime factors of 415782?
2, 3, 23099
What are the prime factors of 5126444?
2, 337, 3803
List the prime factors of 202206.
2, 3, 67, 503
What are the prime factors of 71104?
2, 11, 101
What are the prime factors of 758621?
131, 5791
What are the prime factors of 323807?
11, 29437
What are the prime factors of 3155702?
2, 11, 191, 751
List the prime factors of 1116449.
1116449
What are the prime factors of 3846843?
3, 7, 11, 13, 61
What are the prime factors of 1407722?
2, 703861
What are the prime factors of 38227?
7, 43, 127
List the prime factors of 1103500.
2, 5, 2207
List the prime factors of 9717.
3, 41, 79
What are the prime factors of 191588?
2, 211, 227
List the prime factors of 4412709.
3, 7, 89, 787
What are the prime factors of 2182134?
2, 3, 29, 12541
List the prime factors of 3055511.
137, 22303
What are the prime factors of 187916?
2, 109, 431
List the prime factors of 8085799.
233, 34703
List the prime factors of 6852633.
3, 2284211
What are the prime factors of 204567?
3, 11, 6199
List the prime factors of 11771122.
2, 11, 127, 383
What are the prime factors of 30532?
2, 17, 449
List the prime factors of 203015.
5, 19, 2137
List the prime factors of 820490.
2, 5, 11, 7459
What are the prime factors of 3981882?
2, 3, 7